{"id":11,"date":"2025-11-10T15:30:00","date_gmt":"2025-11-10T14:30:00","guid":{"rendered":"http:\/\/www.werc-berlin.de\/?page_id=11"},"modified":"2025-11-10T15:59:28","modified_gmt":"2025-11-10T14:59:28","slug":"eislaufen-lernen-im-weddinger-erc","status":"publish","type":"page","link":"http:\/\/www.werc-berlin.de\/?page_id=11","title":{"rendered":"Willkommen im Eislauf-WERC!"},"content":{"rendered":"\n<div style=\"height:32px\" aria-hidden=\"true\" class=\"wp-block-spacer\"><\/div>\n\n\n\n<figure class=\"wp-block-table\"><table><tbody><tr><td class=\"has-text-align-left\" data-align=\"left\">Unsere&nbsp;Eissaison 2025\/2026&nbsp;im Erika-He\u00df-Eisstadion startete am 21.10.2025&nbsp; und geht bis Ende M\u00e4rz 2026. Bis zur endg\u00fcltigen Wiederinbetriebnahme der Eisanlage und beider Eisfl\u00e4chen, findet das Training mit reduzierten Zeiten in der Halle statt.<\/td><\/tr><\/tbody><\/table><\/figure>\n\n\n\n<p class=\"has-text-align-left\">Als Impression zu unserer Eisabteilung nachfolgend die Gruppenfotos unserer Saisonabschlussveranstaltungen 2024 und 2023. Weitere grunds\u00e4tzliche Infos nach den Fotos weiter unten \ud83d\ude42 <\/p>\n\n\n\n<div style=\"height:32px\" aria-hidden=\"true\" class=\"wp-block-spacer\"><\/div>\n\n\n\n<div class=\"wp-block-image wp-image-1670\"><figure class=\"aligncenter size-full\"><img loading=\"lazy\" width=\"945\" height=\"338\" src=\"http:\/\/www.werc-berlin.de\/wp-content\/uploads\/2024\/04\/SSA2024-WERC-on-Ice_low-res.jpg\" alt=\"\" class=\"wp-image-1828\" srcset=\"http:\/\/www.werc-berlin.de\/wp-content\/uploads\/2024\/04\/SSA2024-WERC-on-Ice_low-res.jpg 945w, http:\/\/www.werc-berlin.de\/wp-content\/uploads\/2024\/04\/SSA2024-WERC-on-Ice_low-res-300x107.jpg 300w, http:\/\/www.werc-berlin.de\/wp-content\/uploads\/2024\/04\/SSA2024-WERC-on-Ice_low-res-768x275.jpg 768w, http:\/\/www.werc-berlin.de\/wp-content\/uploads\/2024\/04\/SSA2024-WERC-on-Ice_low-res-690x247.jpg 690w\" sizes=\"(max-width: 945px) 100vw, 945px\" \/><figcaption>Saisonabschluss 2024<\/figcaption><\/figure><\/div>\n\n\n\n<div class=\"wp-block-image wp-image-1670\"><figure class=\"aligncenter size-full\"><img loading=\"lazy\" width=\"945\" height=\"338\" src=\"http:\/\/www.werc-berlin.de\/wp-content\/uploads\/2023\/07\/A7400635_3072_SY.jpg\" alt=\"\" class=\"wp-image-1670\" srcset=\"http:\/\/www.werc-berlin.de\/wp-content\/uploads\/2023\/07\/A7400635_3072_SY.jpg 945w, http:\/\/www.werc-berlin.de\/wp-content\/uploads\/2023\/07\/A7400635_3072_SY-300x107.jpg 300w, http:\/\/www.werc-berlin.de\/wp-content\/uploads\/2023\/07\/A7400635_3072_SY-768x275.jpg 768w, http:\/\/www.werc-berlin.de\/wp-content\/uploads\/2023\/07\/A7400635_3072_SY-690x247.jpg 690w\" sizes=\"(max-width: 945px) 100vw, 945px\" \/><figcaption>Saisonabschluss 2023<\/figcaption><\/figure><\/div>\n\n\n\n<div style=\"height:32px\" aria-hidden=\"true\" class=\"wp-block-spacer\"><\/div>\n\n\n\n<p class=\"has-text-align-left\">Eislaufen kann man im WERC in&nbsp;vielf\u00e4ltiger Weise betreiben. <\/p>\n\n\n\n<p class=\"has-text-align-left\">Wir bieten Schnupperkurse und Probetrainings, bei uns kann man Eiskunstlaufen als Freizeitsport, als Breitensport oder im Leistungssport betreiben. Und das Ende der Saison zelebrieren wir beim Saisonabschlusslaufen.<\/p>\n\n\n\n<div style=\"height:32px\" aria-hidden=\"true\" class=\"wp-block-spacer\"><\/div>\n\n\n\n<div class=\"wp-block-image wp-image-1269 size-medium\"><figure class=\"alignright\"><img loading=\"lazy\" width=\"300\" height=\"225\" src=\"http:\/\/www.werc-berlin.de\/wp-content\/uploads\/2021\/04\/WERC-on-Ice-low_res2-300x225.jpg\" alt=\"\" class=\"wp-image-1269\" srcset=\"http:\/\/www.werc-berlin.de\/wp-content\/uploads\/2021\/04\/WERC-on-Ice-low_res2-300x225.jpg 300w, http:\/\/www.werc-berlin.de\/wp-content\/uploads\/2021\/04\/WERC-on-Ice-low_res2-400x300.jpg 400w, http:\/\/www.werc-berlin.de\/wp-content\/uploads\/2021\/04\/WERC-on-Ice-low_res2.jpg 491w\" sizes=\"(max-width: 300px) 100vw, 300px\" \/><figcaption>WERCs-Trainer*innen-Team (Eis)<\/figcaption><\/figure><\/div>\n\n\n\n<h3>Schnupperkurse\/ Probetrainings<\/h3>\n\n\n\n<p>F\u00fcr alle zwischen 4 und 6 1\/2 Jahren, die das Eislaufen einmal ausprobieren m\u00f6chten, bieten wir regelm\u00e4\u00dfig in der Saison <a href=\"http:\/\/www.werc-berlin.de\/?page_id=30\">Schnupperkurse<\/a>&nbsp;an.<\/p>\n\n\n\n<p>Je nach Kapazit\u00e4t in den Trainingsgruppen k\u00f6nnen Jugendliche ab 11 Jahre und Erwachsene bei uns zwei kostenfreie Probetrainings absolvieren (nach Voranmeldung mit Termin).<\/p>\n\n\n\n<p>Weitere Infos zum Einstieg unter <a href=\"http:\/\/www.werc-berlin.de\/?page_id=32\">Trainingszeiten<\/a>, <a href=\"http:\/\/www.werc-berlin.de\/?page_id=30\">Schnuppern <\/a>oder <a href=\"http:\/\/www.werc-berlin.de\/?page_id=598\">Mietschuhe<\/a>.<\/p>\n\n\n\n<div style=\"height:32px\" aria-hidden=\"true\" class=\"wp-block-spacer\"><\/div>\n\n\n\n<h3>Eis(kunst)laufen als Hobby- &amp; Freizeitsport<\/h3>\n\n\n\n<p>Ziel des Freizeitsports ist es, die Grundlagen des Eislaufens und einige Elemente des Eiskunstlaufens zu erlernen. Der WERC bietet hierbei f\u00fcr junge und \u00e4ltere Anf\u00e4nger und Fortgeschrittene die passende Plattform, um das Eislaufen aus &#8222;Spa\u00df an der Freude&#8220; zu betreiben und\/oder gezielt zu verbessern.<\/p>\n\n\n\n<p>Als Mitglied im Verein k\u00f6nnen Anf\u00e4nger und Fortgeschrittene Eiskunstlaufen im famili\u00e4ren, freundschaftlichen Umfeld zwischen Oktober und M\u00e4rz ungezwungen trainieren. Dabei werden sie von unseren \u00dcbungsleiter*innen optimal betreut.<\/p>\n\n\n\n<div style=\"height:32px\" aria-hidden=\"true\" class=\"wp-block-spacer\"><\/div>\n\n\n\n<h3>Eiskunstlaufen als Wettbewerbssport (Breitensport, Leistungssport)<\/h3>\n\n\n\n<figure class=\"wp-block-image alignnone wp-image-1267\"><img loading=\"lazy\" width=\"378\" height=\"213\" src=\"http:\/\/www.werc-berlin.de\/wp-content\/uploads\/2021\/04\/WERC-on-Ice-low_res3.jpg\" alt=\"\" class=\"wp-image-1267\" srcset=\"http:\/\/www.werc-berlin.de\/wp-content\/uploads\/2021\/04\/WERC-on-Ice-low_res3.jpg 378w, http:\/\/www.werc-berlin.de\/wp-content\/uploads\/2021\/04\/WERC-on-Ice-low_res3-300x169.jpg 300w\" sizes=\"(max-width: 378px) 100vw, 378px\" \/><figcaption>WERC Berlin on Ice<\/figcaption><\/figure>\n\n\n\n<ul><li>F\u00fcr alle, die mehr wollen.<\/li><li>F\u00fcr alle, die sich messen wollen.<\/li><li>F\u00fcr alle, die Eiskunstlaufen als Sport wettbewerbsm\u00e4\u00dfig betreiben wollen.<\/li><li>Kurzum: F\u00fcr alle, die den Sport lieben &amp; leben wollen.<\/li><\/ul>\n\n\n\n<p>Der WERC ist Vollmitglied im Berliner Eissport-Verband (BEV) &#8211; wer im Eiskunstlaufen in Wettbewerben sein oder ihr K\u00f6nnen zeigen m\u00f6chte ist bei uns goldrichtig!<\/p>\n\n\n\n<p>Mit unseren F\u00f6rdergruppen k\u00f6nnen \u00fcber das Vereinstraining hinaus fr\u00fchzeitig die Eiskunstlauffertigkeiten talentierter Kinder ausgebaut werden.&nbsp;Im aufpreispflichtigen Individualtraining in Kleingruppen kommt man so dem Eiskunstlaufsport sprunghaft n\u00e4her.<\/p>\n\n\n\n<p>Ob als Breitensportler oder im Leistungssport &#8211; unsere Sportler*innen nehmen an Wettbewerben im Bundesgebiet und dar\u00fcber hinaus teil. Einige sind Mitglied im Landeskader.<\/p>\n\n\n\n<p>Wir unterst\u00fctzen mit unserer Arbeit das Sportf\u00f6rderkonzept \u00fcber die Eliteschulen des Sports im Land Berlin.<\/p>\n\n\n\n<p>Unsere erfahrenen Trainer*innen betreuen im Leistungssport diverse Landeskadersportlerinnen und f\u00fchren weitere Sportler*innen nach. Sie&nbsp;erstellen mit ihren L\u00e4ufer*innen einen individuellen Entwicklungsplan.<\/p>\n\n\n\n<div style=\"height:32px\" aria-hidden=\"true\" class=\"wp-block-spacer\"><\/div>\n\n\n\n<h3>Leistungsnachweise \/ Abnahmen<\/h3>\n\n\n\n<p>Im Leistungssport ist es f\u00fcr jede*n L\u00e4ufer*in selbstverst\u00e4ndlich, Pr\u00fcfungen zu absolvieren (&#8222;Klassenlaufen&#8220; genannt). Diese werden ben\u00f6tigt, um in die jeweils h\u00f6here Leistungsstufe aufzusteigen.<\/p>\n\n\n\n<p>Aber auch im Rahmen des Breitensports bieten die Pr\u00fcfungen eine M\u00f6glichkeit, das eigene K\u00f6nnen unter Beweis zu stellen. Der Verein bietet daher regelm\u00e4\u00dfig 1-2x pro Saison Freil\u00e4ufer-, Figurenl\u00e4ufer- und Kunstl\u00e4uferpr\u00fcfungen an.<\/p>\n\n\n\n<div style=\"height:32px\" aria-hidden=\"true\" class=\"wp-block-spacer\"><\/div>\n\n\n\n<h3>Saisonabschlusslaufen<\/h3>\n\n\n\n<p>Am Ende unserer Eissaisons veranstalten wir unser Saisonabschlusslaufen. Hier kommen alle unsere L\u00e4uferinnen und L\u00e4ufer aus dem Kinder- und Jugendbereich zusammen: Ob gro\u00df, ob klein, ob aus den Clubtrainings, F\u00f6rdertrainings, dem Wettbewerbssport oder der Leistungsspitze. In einer gemeinschaftlichen Veranstaltung und in einem freundschaftlichen Umfeld zeigen die L\u00e4uferinnen und L\u00e4ufer das in der Saison Erlernte sich selbst und den anderen im Verein und den Eltern\/ der Familie. Alle bekommen eine Abschlussurkunde, eine Auszeichnung und ein Geschenk. <\/p>\n\n\n\n<p>Der WERC Berlin gratuliert stolz seinen Sportlerinnen und Sportlern sowie seinen Trainerinnen und Trainern zu der &#8211; leider &#8211; abgeschlossenen Saison! Voller Vorfreude schauen wir auf das n\u00e4chste Jahr. <\/p>\n","protected":false},"excerpt":{"rendered":"<p>Unsere&nbsp;Eissaison 2025\/2026&nbsp;im Erika-He\u00df-Eisstadion startete am 21.10.2025&nbsp; und geht bis Ende M\u00e4rz 2026. Bis zur endg\u00fcltigen Wiederinbetriebnahme der Eisanlage und beider Eisfl\u00e4chen, findet das Training mit reduzierten Zeiten in der Halle statt. Als Impression zu unserer Eisabteilung nachfolgend die Gruppenfotos unserer Saisonabschlussveranstaltungen 2024 und 2023. Weitere grunds\u00e4tzliche Infos nach den Fotos weiter unten \ud83d\ude42 Eislaufen kann [&hellip;]<\/p>\n","protected":false},"author":3,"featured_media":0,"parent":0,"menu_order":0,"comment_status":"closed","ping_status":"closed","template":"","meta":[],"_links":{"self":[{"href":"http:\/\/www.werc-berlin.de\/index.php?rest_route=\/wp\/v2\/pages\/11"}],"collection":[{"href":"http:\/\/www.werc-berlin.de\/index.php?rest_route=\/wp\/v2\/pages"}],"about":[{"href":"http:\/\/www.werc-berlin.de\/index.php?rest_route=\/wp\/v2\/types\/page"}],"author":[{"embeddable":true,"href":"http:\/\/www.werc-berlin.de\/index.php?rest_route=\/wp\/v2\/users\/3"}],"replies":[{"embeddable":true,"href":"http:\/\/www.werc-berlin.de\/index.php?rest_route=%2Fwp%2Fv2%2Fcomments&post=11"}],"version-history":[{"count":28,"href":"http:\/\/www.werc-berlin.de\/index.php?rest_route=\/wp\/v2\/pages\/11\/revisions"}],"predecessor-version":[{"id":2318,"href":"http:\/\/www.werc-berlin.de\/index.php?rest_route=\/wp\/v2\/pages\/11\/revisions\/2318"}],"wp:attachment":[{"href":"http:\/\/www.werc-berlin.de\/index.php?rest_route=%2Fwp%2Fv2%2Fmedia&parent=11"}],"curies":[{"name":"wp","href":"https:\/\/api.w.org\/{rel}","templated":true}]}}