{"id":5,"date":"2018-04-17T11:33:34","date_gmt":"2018-04-17T09:33:34","guid":{"rendered":"http:\/\/www.werc-berlin.de\/?page_id=5"},"modified":"2018-04-17T12:32:28","modified_gmt":"2018-04-17T10:32:28","slug":"impressum","status":"publish","type":"page","link":"http:\/\/www.werc-berlin.de\/?page_id=5","title":{"rendered":"Impressum"},"content":{"rendered":"<div class=\"adresse\">\n<dl>\n<dt>Gesch\u00e4ftsstelle:<\/dt>\n<dd>\n<address>Weddinger Eislauf- und Rollsport-Club e.V.\u00a0(WERC)<br \/>\nc\/o Dieter Seydel<br \/>\nAmendestr. 107<br \/>\n13409 Berlin<br \/>\nTelefon: 030\/496 24 32<\/address>\n<address>Fax:\u00a0 \u00a0 \u00a0 \u00a0030\/498 77 078<br \/>\nMail: <a href=\"mailto:info@werc-berlin.de\">info@werc-berlin.de <\/a><\/address>\n<address><a href=\"http:\/\/www.werc-berlin.de\">www.werc-berlin.de<\/a><\/address>\n<\/dd>\n<dt><\/dt>\n<dt>Verantwortlich:<\/dt>\n<dd>\n<address>Der Vorstand des Weddinger Eislauf- und Rollsport-Club e.V.\u00a0(WERC).\u00a0<\/address>\n<\/dd>\n<dt><\/dt>\n<dt>Vereinsrgister:<\/dt>\n<dd><em>Nr. 95 VR 4199 NZ (Amtsgericht Charlottenburg)<\/em><\/dd>\n<dt>USt.-ID:<\/dt>\n<dd>&#8211;<\/dd>\n<dt>Redaktion<\/dt>\n<dd><em><a href=\"mailto:werc@karolczyk.eu\">Aleksandra Karolczyk<\/a><\/em><\/dd>\n<dt>Code &amp; Design<\/dt>\n<dd><em><a href=\"mailto:werc@karolczyk.eu\">Aleksandra Karolczyk<\/a> (<a href=\"http:\/\/www.karolczyk.eu\" target=\"_blank\">Website<\/a>)<\/em><\/dd>\n<\/dl>\n<\/div>\n<h2>Disclaimer<\/h2>\n<h3>Haftungsbeschr\u00e4nkung<\/h3>\n<p>Die Inhalte von <a href=\"http:\/\/www.werc-berlin.de\">werc-berlin.de<\/a> werden mit gr\u00f6\u00dftm\u00f6glicher Sorgfalt erstellt. Der Weddinger Eislauf- und Rollsport-Club e.V. (WERC) \u00fcbernimmt jedoch keine Gew\u00e4hr f\u00fcr die Richtigkeit, Vollst\u00e4ndigkeit und Aktualit\u00e4t der bereitgestellten Inhalte.<\/p>\n<h3>Externe Links\/ Frameinhalte<\/h3>\n<p><a href=\"http:\/\/www.werc-berlin.de\">werc-berlin.de<\/a> \u00a0enth\u00e4lt Verkn\u00fcpfungen und eingebettete Inhalte Dritter (&#8222;externe Links&#8220; und &#8222;Frameinhalte&#8220;). Diese Websites und Angebote unterliegen der Haftung der jeweiligen Betreiber. Bei der erstmaligen Verkn\u00fcpfung der externen Links und Frameeinbettung hat der Weddinger Eislauf- und Rollsport-Club e.V. (WERC) die fremden Inhalte auf bestehende Rechtsverst\u00f6\u00dfe \u00fcberpr\u00fcft. Diese waren zum Zeitpunkt der Verlinkung und Einbettung nicht ersichtlich. Der Weddinger Eislauf- und Rollsport-Club e.V. (WERC) hat keinen Einfluss auf aktuellen und k\u00fcnftigen Inhalte der verkn\u00fcpften und eingebetteten Seiten. Eine st\u00e4ndige Kontrolle dieser externen Links und Frameinhlate ist f\u00fcr den Verein \u00a0 nicht zumutbar. Bei Kenntnis von Rechtsverst\u00f6\u00dfen werden jedoch derartige externe Links und Frames unverz\u00fcglich gel\u00f6scht.<\/p>\n<h3>Urheber- und Leistungsschutzrechte<\/h3>\n<p>Die auf\u00a0<a href=\"http:\/\/www.werc-berlin.de\">werc-berlin.de<\/a> ver\u00f6ffentlichten Texte, Bilder und Graphiken unterliegen dem deutschen Urheber- und Leistungsschutzrecht. Jede Verwertung dieser Inhlate bedarf der vorherigen schriftlichen Zustimmung des Weddinger Eislauf- und Rollsport-Club e.V. (WERC) oder der jeweiligen Rechteinhabers.<\/p>\n","protected":false},"excerpt":{"rendered":"<p>Gesch\u00e4ftsstelle: Weddinger Eislauf- und Rollsport-Club e.V.\u00a0(WERC) c\/o Dieter Seydel Amendestr. 107 13409 Berlin Telefon: 030\/496 24 32 Fax:\u00a0 \u00a0 \u00a0 \u00a0030\/498 77 078 Mail: info@werc-berlin.de www.werc-berlin.de Verantwortlich: Der Vorstand des Weddinger Eislauf- und Rollsport-Club e.V.\u00a0(WERC).\u00a0 Vereinsrgister: Nr. 95 VR 4199 NZ (Amtsgericht Charlottenburg) USt.-ID: &#8211; Redaktion Aleksandra Karolczyk Code &amp; Design Aleksandra Karolczyk (Website) Disclaimer [&hellip;]<\/p>\n","protected":false},"author":1,"featured_media":0,"parent":0,"menu_order":0,"comment_status":"closed","ping_status":"closed","template":"","meta":[],"_links":{"self":[{"href":"http:\/\/www.werc-berlin.de\/index.php?rest_route=\/wp\/v2\/pages\/5"}],"collection":[{"href":"http:\/\/www.werc-berlin.de\/index.php?rest_route=\/wp\/v2\/pages"}],"about":[{"href":"http:\/\/www.werc-berlin.de\/index.php?rest_route=\/wp\/v2\/types\/page"}],"author":[{"embeddable":true,"href":"http:\/\/www.werc-berlin.de\/index.php?rest_route=\/wp\/v2\/users\/1"}],"replies":[{"embeddable":true,"href":"http:\/\/www.werc-berlin.de\/index.php?rest_route=%2Fwp%2Fv2%2Fcomments&post=5"}],"version-history":[{"count":6,"href":"http:\/\/www.werc-berlin.de\/index.php?rest_route=\/wp\/v2\/pages\/5\/revisions"}],"predecessor-version":[{"id":738,"href":"http:\/\/www.werc-berlin.de\/index.php?rest_route=\/wp\/v2\/pages\/5\/revisions\/738"}],"wp:attachment":[{"href":"http:\/\/www.werc-berlin.de\/index.php?rest_route=%2Fwp%2Fv2%2Fmedia&parent=5"}],"curies":[{"name":"wp","href":"https:\/\/api.w.org\/{rel}","templated":true}]}}