{"id":9,"date":"2025-03-18T18:10:00","date_gmt":"2025-03-18T17:10:00","guid":{"rendered":"http:\/\/www.werc-berlin.de\/?page_id=9"},"modified":"2025-03-18T17:33:33","modified_gmt":"2025-03-18T16:33:33","slug":"rollschuhlaufen-lernen-im-weddinger-erc","status":"publish","type":"page","link":"http:\/\/www.werc-berlin.de\/?page_id=9","title":{"rendered":"Rollkunstlaufen im WERC Berlin"},"content":{"rendered":"\n<div style=\"height:29px\" aria-hidden=\"true\" class=\"wp-block-spacer\"><\/div>\n\n\n\n<div class=\"wp-block-media-text alignwide is-stacked-on-mobile\" style=\"grid-template-columns:30% auto\"><figure class=\"wp-block-media-text__media\"><img loading=\"lazy\" width=\"300\" height=\"200\" src=\"http:\/\/www.werc-berlin.de\/wp-content\/uploads\/2016\/05\/Rollschuhe1-300x200.jpg\" alt=\"Rollschuhe1\" class=\"wp-image-62 size-full\" srcset=\"http:\/\/www.werc-berlin.de\/wp-content\/uploads\/2016\/05\/Rollschuhe1-300x200.jpg 300w, http:\/\/www.werc-berlin.de\/wp-content\/uploads\/2016\/05\/Rollschuhe1-768x512.jpg 768w, http:\/\/www.werc-berlin.de\/wp-content\/uploads\/2016\/05\/Rollschuhe1-450x300.jpg 450w, http:\/\/www.werc-berlin.de\/wp-content\/uploads\/2016\/05\/Rollschuhe1.jpg 800w\" sizes=\"(max-width: 300px) 100vw, 300px\" \/><\/figure><div class=\"wp-block-media-text__content\">\n<p class=\"has-normal-font-size\">Rollschuhlaufen kann man im WERC in vielf\u00e4ltiger Weise betreiben &#8211; und in verschiedenen Disziplinen: Haupts\u00e4chlich bieten wir im Rollkunstlaufen die Disziplinen K\u00fcrlaufen (Einzel) sowie das Rolltanzen (Solotanzen) an. Nur noch wenige Aktive trainieren wir in der Disziplin Pflichtlaufen.&nbsp;<\/p>\n<\/div><\/div>\n\n\n\n<div style=\"height:29px\" aria-hidden=\"true\" class=\"wp-block-spacer\"><\/div>\n\n\n\n<h3>Schnuppertrainings<\/h3>\n\n\n\n<p>F\u00fcr alle <b id=\"yui_3_16_0_ym19_1_1518012445379_13979\">Kinder von 4 bis 7 Jahren<\/b> (aktuell: Jahrgang 2017 und j\u00fcnger), die das Rollschuhlaufen einmal ausprobieren m\u00f6chten, bieten wir regelm\u00e4\u00dfig\u00a0 <a href=\"http:\/\/www.werc-berlin.de\/?page_id=18\">Schnuppertraining<\/a> an.<\/p>\n\n\n\n<div style=\"height:29px\" aria-hidden=\"true\" class=\"wp-block-spacer\"><\/div>\n\n\n\n<h3>Freizeitsport<\/h3>\n\n\n\n<p>Ziel des Freizeitsports ist es, die Grundlagen des Rollschuhlaufens zu erlernen und mit Elementen des Rollkunstlaufs &#8222;aufzupeppen&#8220;. Der WERC bietet hierbei f\u00fcr Kinder, Jugendliche und auch f\u00fcr erfahrene Erwachsene die passende Plattform, um das Rollschuhlaufen aus Spa\u00df an der Freude zu betreiben und gezielt zu verbessern. <a href=\"http:\/\/www.werc-berlin.de\/?page_id=18\">Weitere Informationen hier.<\/a><br>Bitte beachten Sie: F\u00fcr erwachsene Anf\u00e4nger k\u00f6nnen wir leider momentan keine Trainings anbieten!<\/p>\n\n\n\n<div style=\"height:29px\" aria-hidden=\"true\" class=\"wp-block-spacer\"><\/div>\n\n\n\n<h3>Breitensport<\/h3>\n\n\n\n<p>Als Vollmitglied im Verein k\u00f6nnen Anf\u00e4nger und Fortgeschrittene die Sportart Rollkunstlaufen bei uns im erfahrenen, famili\u00e4ren und freundschaftlichen Umfeld ungezwungen trainieren. Dabei werden sie optimal betreut und nehmen im Rahmen des Wettbewerbskonzepts Breitensport an Wettbewerben in Berlin und Umgebung teil. <\/p>\n\n\n\n<div style=\"height:30px\" aria-hidden=\"true\" class=\"wp-block-spacer\"><\/div>\n\n\n\n<h3>Leistungssport<\/h3>\n\n\n\n<ul><li>F\u00fcr alle, die mehr wollen.<\/li><li>F\u00fcr alle, die sich messen wollen.<\/li><li>F\u00fcr alle, die Sport auf h\u00f6herem Niveau im Wettbewerb betreiben wollen.<\/li><li>Kurzum: F\u00fcr alle, die den Sport leben wollen.<\/li><\/ul>\n\n\n\n<p>Wer Leistungssport betreiben will, kann im WERC \u00fcber das Vereinstraining hinaus seine kunstl\u00e4uferischen Fertigkeiten ausbauen und sich im Individualtraining mit unseren Trainerinnen und Trainern weiter verbessern. Unsere Leistungssportler:innen nehmen an nationalen Spitzenwettbewerben und Meisterschaften bis zu Deutschen Meisterschaften teil und legen die notwendigen Tests ab. <\/p>\n\n\n\n<p>Medailllengewinner:innen wie die Deutsche Juniorenmeisterin 2022 &amp; Deutsche Meisterin 2023 im Solotanzen oder der 2. der Deutschen Meisterschaften 2023 im K\u00fcrlaufen kommen aus dem WERC Berlin mit Teilnahmen bei Europa- und Weltmeisterschaften.<\/p>\n\n\n\n<p>Der WERC Berlin ist Vollmitglied im Inline- und Rollsport-Verband Berlin e.V. (IRVB), hier\u00fcber geh\u00f6ren wir dem Deutschen Rollsport und Inline Verband e.V. (DRIV) an.<\/p>\n\n\n\n<p>Im WERC Berlin bieten wir bei Bedarf ein weiterf\u00fchrendes Athletiktraining an. Die Trainer:innen erstellen mit ihren L\u00e4uferinnen &amp; L\u00e4ufern einen individuellen Entwicklungsplan.<\/p>\n\n\n\n<div style=\"height:30px\" aria-hidden=\"true\" class=\"wp-block-spacer\"><\/div>\n\n\n\n<h3>Leistungsnachweise \/ Abnahmen<\/h3>\n\n\n\n<p>Im Breitensport wie im Leistungssport ist das Vorankommen im Sport wichtig &#8211; wenn auch in v\u00f6llig unterschiedlicher Geschwindigkeit. Wie bei vielen anderen Sportarten ist es auch im Rollkunstlaufen notwendig, verschiedene Leistungsnachweise zu absolvieren &#8211; die sog. Tests. Diese werden ben\u00f6tigt, um in die jeweils h\u00f6here Leistungsstufe aufzusteigen. <\/p>\n\n\n\n<p>Im WERC Berlin unterst\u00fctzen wir alle unsere L\u00e4uferinnen &amp; L\u00e4ufer bei ihrem Vorankommen auf\/in das n\u00e4chste Level. <\/p>\n","protected":false},"excerpt":{"rendered":"<p>Rollschuhlaufen kann man im WERC in vielf\u00e4ltiger Weise betreiben &#8211; und in verschiedenen Disziplinen: Haupts\u00e4chlich bieten wir im Rollkunstlaufen die Disziplinen K\u00fcrlaufen (Einzel) sowie das Rolltanzen (Solotanzen) an. Nur noch wenige Aktive trainieren wir in der Disziplin Pflichtlaufen.&nbsp; Schnuppertrainings F\u00fcr alle Kinder von 4 bis 7 Jahren (aktuell: Jahrgang 2017 und j\u00fcnger), die das Rollschuhlaufen [&hellip;]<\/p>\n","protected":false},"author":3,"featured_media":0,"parent":0,"menu_order":0,"comment_status":"closed","ping_status":"closed","template":"","meta":[],"_links":{"self":[{"href":"http:\/\/www.werc-berlin.de\/index.php?rest_route=\/wp\/v2\/pages\/9"}],"collection":[{"href":"http:\/\/www.werc-berlin.de\/index.php?rest_route=\/wp\/v2\/pages"}],"about":[{"href":"http:\/\/www.werc-berlin.de\/index.php?rest_route=\/wp\/v2\/types\/page"}],"author":[{"embeddable":true,"href":"http:\/\/www.werc-berlin.de\/index.php?rest_route=\/wp\/v2\/users\/3"}],"replies":[{"embeddable":true,"href":"http:\/\/www.werc-berlin.de\/index.php?rest_route=%2Fwp%2Fv2%2Fcomments&post=9"}],"version-history":[{"count":9,"href":"http:\/\/www.werc-berlin.de\/index.php?rest_route=\/wp\/v2\/pages\/9\/revisions"}],"predecessor-version":[{"id":2076,"href":"http:\/\/www.werc-berlin.de\/index.php?rest_route=\/wp\/v2\/pages\/9\/revisions\/2076"}],"wp:attachment":[{"href":"http:\/\/www.werc-berlin.de\/index.php?rest_route=%2Fwp%2Fv2%2Fmedia&parent=9"}],"curies":[{"name":"wp","href":"https:\/\/api.w.org\/{rel}","templated":true}]}}